 3, 254879
List the prime factors of 6696429.
3, 251, 8893
What are the prime factors of 72684?
2, 3, 673
What are the prime factors of 177856?
2, 7, 397
What are the prime factors of 1185187?
41, 137, 211
List the prime factors of 7143457.
7143457
List the prime factors of 6969006.
2, 3, 11, 61, 577
List the prime factors of 13067471.
137, 95383
What are the prime factors of 6165173?
7, 23, 149, 257
What are the prime factors of 2229098?
2, 1114549
List the prime factors of 428411.
428411
What are the prime factors of 1725436?
2, 97, 4447
List the prime factors of 308976.
2, 3, 41, 157
List the prime factors of 1985810.
2, 5, 349, 569
List the prime factors of 92934.
2, 3, 1721
What are the prime factors of 274988?
2, 7, 23, 61
What are the prime factors of 13360289?
13360289
What are the prime factors of 759185?
5, 7, 109, 199
What are the prime factors of 7010427?
3, 37, 137, 461
What are the prime factors of 1031831?
1031831
List the prime factors of 4867304.
2, 13, 17, 2753
What are the prime factors of 379533?
3, 7, 11, 31, 53
What are the prime factors of 130973?
130973
List the prime factors of 764771.
7, 109253
What are the prime factors of 637356?
2, 3, 53113
List the prime factors of 15473077.
17, 43, 61, 347
What are the prime factors of 1252824?
2, 3, 52201
What are the prime factors of 673511?
37, 109, 167
What are the prime factors of 1080066?
2, 3, 13, 61, 227
What are the prime factors of 93736?
2, 11717
List the prime factors of 13585019.
7, 19, 23, 4441
What are the prime factors of 813686?
2, 41, 9923
List the prime factors of 256822.
2, 128411
List the prime factors of 911384.
2, 37, 3079
List the prime factors of 16272469.
257, 63317
What are the prime factors of 2105327?
7, 300761
What are the prime factors of 1396554?
2, 3, 43, 5413
List the prime factors of 67336.
2, 19, 443
List the prime factors of 1669273.
97, 17209
List the prime factors of 13869715.
5, 19, 83, 1759
List the prime factors of 612929.
612929
List the prime factors of 11555389.
73, 158293
What are the prime factors of 202130?
2, 5, 17, 29, 41
What are the prime factors of 1396600?
2, 5, 6983
List the prime factors of 9354305.
5, 1870861
List the prime factors of 8022515.
5, 23, 69761
What are the prime factors of 19633828?
2, 37, 132661
What are the prime factors of 1672260?
2, 3, 5, 47, 593
List the prime factors of 532498.
2, 29, 9181
List the prime factors of 87873.
3, 17, 1723
List the prime factors of 14650256.
2, 915641
What are the prime factors of 1847243?
1847243
List the prime factors of 6265488.
2, 3, 130531
List the prime factors of 4064908.
2, 1016227
List the prime factors of 192228.
2, 3, 83, 193
What are the prime factors of 806132?
2, 19, 10607
List the prime factors of 5057742.
2, 3, 842957
What are the prime factors of 317149?
7, 45307
List the prime factors of 31183148.
2, 31, 251477
List the prime factors of 2846166.
2, 3, 523, 907
What are the prime factors of 4869659?
4869659
List the prime factors of 970541.
11, 13, 617
What are the prime factors of 10259302?
2, 97, 52883
What are the prime factors of 3945186?
2, 3, 7, 71
List the prime factors of 9547696.
2, 409, 1459
List the prime factors of 2792085.
3, 5, 23, 8093
What are the prime factors of 605076?
2, 3, 50423
What are the prime factors of 129293?
129293
List the prime factors of 284635.
5, 13, 29, 151
List the prime factors of 10112.
2, 79
What are the prime factors of 809545?
5, 11, 41, 359
List the prime factors of 65979.
3, 7331
List the prime factors of 1439389.
7, 205627
List the prime factors of 5577788.
2, 43, 32429
List the prime factors of 117700.
2, 5, 11, 107
List the prime factors of 6077041.
17, 357473
List the prime factors of 465755.
5, 93151
What are the prime factors of 407963?
67, 6089
What are the prime factors of 2566126?
2, 1283063
List the prime factors of 201251.
201251
List the prime factors of 926875.
5, 1483
What are the prime factors of 81243?
3, 17, 59
What are the prime factors of 181548?
2, 3, 41
List the prime factors of 3017131.
13, 29, 53, 151
List the prime factors of 1171866.
2, 3, 195311
List the prime factors of 470327.
11, 13, 23
What are the prime factors of 33087659?
11, 3007969
List the prime factors of 9091207.
9091207
What are the prime factors of 13658353?
13658353
What are the prime factors of 4453286?
2, 17, 227, 577
What are the prime factors of 126549?
3, 43, 109
List the prime factors of 19702519.
59, 333941
List the prime factors of 9006479.
43, 4871
What are the prime factors of 1228574?
2, 107, 5741
List the prime factors of 3275197.
3275197
List the prime factors of 7829392.
2, 489337
List the prime factors of 247758.
2, 3, 7, 17, 347
List the prime factors of 371028.
2, 3, 7, 631
What are the prime factors of 221695?
5, 101, 439
List the prime factors of 45969.
3, 7, 11, 199
What are the prime factors of 822230?
2, 5, 82223
List the prime factors of 12962.
2, 6481
What are the prime factors of 1703698?
2, 31, 27479
List the prime factors of 163611.
3, 7, 53
What are the prime factors of 16744553?
7, 1483, 1613
What are the prime factors of 3104549?
7, 659, 673
What are the prime factors of 8359470?
2, 3, 5, 7, 4423
What are the prime factors of 4717193?
13, 109, 3329
List the prime factors of 18781414.
2, 9390707
What are the prime factors of 4685110?
2, 5, 257, 1823
List the prime factors of 32285.
5, 11, 587
List the prime factors of 247628.
2, 31, 1997
List the prime factors of 139571.
139571
List the prime factors of 1390273.
1087, 1279
List the prime factors of 135603.
3, 13, 19, 61
List the prime factors of 775851.
3, 258617
List the prime factors of 61532.
2, 15383
List the prime factors of 17683191.
3, 43, 5077
What are the prime factors of 8858232?
2, 3, 123031
What are the prime factors of 25334831?
293, 86467
What are the prime factors of 1196219?
1196219
List the prime factors of 2086429.
271, 7699
List the prime factors of 38852.
2, 11, 883
What are the prime factors of 7430838?
2, 3, 1021, 1213
What are the prime factors of 505795?
5, 101159
What are the prime factors of 725768?
2, 257, 353
List the prime factors of 28516332.
2, 3, 13, 53, 3449
What are the prime factors of 270717?
3, 90239
List the prime factors of 12969049.
12969049
List the prime factors of 210906.
2, 3, 11717
List the prime factors of 442483.
37, 11959
List the prime factors of 478371.
3, 159457
List the prime factors of 458906.
2, 7, 32779
What are the prime factors of 442862?
2, 7, 4519
What are the prime factors of 731086?
2, 43, 8501
List the prime factors of 605054.
2, 283, 1069
List the prime factors of 5463357.
3, 491, 3709
List the prime factors of 6896017.
71, 97127
List the prime factors of 3028744.
2, 378593
What are the prime factors of 1194247?
227, 5261
What are the prime factors of 1268468?
2, 337, 941
What are the prime factors of 171951?
3, 13, 4409
What are the prime factors of 7692959?
17, 73, 6199
What are the prime factors of 224113?
224113
List the prime factors of 611864.
2, 11, 17, 409
What are the prime factors of 5304552?
2, 3, 11, 71, 283
List the prime factors of 538351.
11, 109, 449
What are the prime factors of 383333?
17, 22549
What are the prime factors of 923653?
923653
List the prime factors of 20353.
20353
List the prime factors of 30450884.
2, 881, 8641
List the prime factors of 244247.
244247
What are the prime factors of 1744821?
3, 13, 1657
What are the prime factors of 48996?
2, 3, 1361
List the prime factors of 726149.
726149
List the prime factors of 696992.
2, 23, 947
What are the prime factors of 233052?
2, 3, 19421
List the prime factors of 2916252.
2, 3, 59, 1373
What are the prime factors of 5414791?
19, 284989
List the prime factors of 16175889.
3, 617, 971
List the prime factors of 148236.
2, 3, 11, 1123
List the prime factors of 173090.
2, 5, 19, 911
List the prime factors of 113067.
3, 17, 739
What are the prime factors of 1016080?
2, 5, 13, 977
List the prime factors of 1190776.
2, 73, 2039
List the prime factors of 6061981.
53, 114377
List the prime factors of 1420964.
2, 137, 2593
List the prime factors of 4319948.
2, 1079987
What are the prime factors of 43397186?
2, 7, 73, 42463
List the prime factors of 2769911.
2769911
List the prime factors of 632207.
149, 4243
What are